er when i is divided by u?
9
Let y = -7 - -11. Let w(j) = j + 6. Calculate the remainder when y is divided by w(-4).
0
Suppose 5*y - 22 = 38. What is the remainder when 23 is divided by y?
11
Let t(l) = l + 5. Suppose -2*d = -3*n + n - 6, 0 = -n + 2*d - 2. What is the remainder when 1 is divided by t(n)?
0
Suppose 4*p = 45 - 5. Suppose 6*x = 5*x + p. Suppose 3*m - 82 = -25. What is the remainder when m is divided by x?
9
Let m = 4 - -39. Calculate the remainder when m is divided by 15.
13
Let f(q) = 4*q + 3. Let z = 27 + -22. Calculate the remainder when f(z) is divided by 12.
11
Suppose 132 = 2*k + 4*k. Suppose 30 = 4*z - k. What is the remainder when 51 is divided by z?
12
Let x = 49 + -21. Calculate the remainder when x is divided by 16.
12
Let v = 123 + -106. Calculate the remainder when 130/(-4)*(-3 - -1) is divided by v.
14
Let o(u) = -3*u**2 + u - 2. Let h be o(-2). Let f = 31 + h. What is the remainder when 57 is divided by f?
12
Suppose 5*p + 5*c = 5, -9 = -3*p + 3*c - 0. Let r(s) = 2*s - 2. What is the remainder when r(3) is divided by p?
0
Let v(q) = -q**3 + 6*q**2 - 3*q + 1. What is the remainder when 141 is divided by v(2)?
9
Suppose 0 = 3*n - 5*s - 39, 5*n - 72 = 4*s + 6. Calculate the remainder when (21 - -49) + 1 + -2 is divided by n.
15
Suppose -5*y + 3*h + 79 = h, 4*h - 37 = -3*y. Suppose -5*j - 5 = -4*j, -5*w - 2*j - 45 = 0. Let l = y + w. Calculate the remainder when l is divided by 5.
3
Let c = -3 - -1. Let u(t) = 3*t**2 + t - 2. What is the remainder when u(c) is divided by -2 + 2 + 4 - 1?
2
Suppose -2*c + 5 = -1. Suppose c*a - 26 = 13. Calculate the remainder when 25 is divided by a.
12
Let k = 2 - -16. Calculate the remainder when (-3)/2*(-318)/9 is divided by k.
17
Suppose 3*v + 9 = 0, a - 37 = -5*v - 2. Suppose b + t - a = 0, 0*t + 2*t + 38 = b. Calculate the remainder when b is divided by 16.
14
Let i(d) = d**2 + 2*d - 1. Let z be i(-4). Suppose 0 = 2*y - z*y + 40. Calculate the remainder when y is divided by ((-6)/4)/((-27)/54).
2
Suppose -2*r + r = -14. What is the remainder when 55 is divided by r?
13
Suppose 16 = 2*b - 4. Let f = -2 + b. Let c = 10 + -5. What is the remainder when f is divided by c?
3
Let y(b) = b**2 - 2*b - 5. Let c be y(5). Suppose 0*h + h - c = 0. What is the remainder when 19 is divided by h?
9
Let m(c) = c**3 - 3*c**2 + 2*c - 1. Let k be m(3). Suppose 5*w = -3*j + 68, 5*w - 60 = -0*j - k*j. What is the remainder when 30 is divided by w?
14
Suppose 4*y + 55 = 103. What is the remainder when 31 is divided by y?
7
Suppose 4*d - 5*d = 5*v - 19, 2*v - 10 = -d. Suppose 4*y - 3 = 5*j, -2*j - 2*j = -d*y + 4. What is the remainder when y is divided by 1?
0
Let o(i) = -3*i - 19. Let n be o(-6). Let u = 2 + n. Suppose 0 = 2*h + h - 3. Calculate the remainder when h is divided by u.
0
Let x(l) = l**3 - 3*l**2 - 6*l - 3. Calculate the remainder when x(6) is divided by 18.
15
Let j = -84 - -116. What is the remainder when 111 is divided by j?
15
Suppose 0 = -2*j - 4*w + 32, 11 - 65 = -4*j - 3*w. Calculate the remainder when 58 is divided by j.
10
Let f = -5 - -1. Let y = f - 2. What is the remainder when y/(-10) + (-231)/(-15) is divided by 6?
4
Let g(m) be the third derivative of -m**4/8 - 8*m**3/3 + 2*m**2. Let v(p) = p - 1. Calculate the remainder when g(-11) is divided by v(6).
2
Let v(a) = a + 7. Let w be v(-7). Suppose 0 = x - 7 - w. Suppose 1 = -l - x*i + 3*i, -2*l = -2*i - 38. Calculate the remainder when 44 is divided by l.
14
Let d(h) = 7*h**2 - 3*h - 1. Suppose -p + 4 = 3. Let w(o) = -o**2 - o + 1. Let k(j) = p*d(j) + 5*w(j). Calculate the remainder when k(6) is divided by 10.
8
Let a(x) be the third derivative of 0 + 1/24*x**4 + x**2 - 1/3*x**3 + 0*x. Calculate the remainder when a(8) is divided by 4.
2
Let t(f) = f**2 - 2. Let k be (-2)/6*4*3. What is the remainder when 27 is divided by t(k)?
13
What is the remainder when 10/(-55) + (-2045)/(-55) is divided by 22?
15
Let n(v) = 3 - 3*v + 12*v - 9*v**2 + 0 + v**3. Calculate the remainder when 41 is divided by n(8).
8
Let n(p) = -p**3 - 8*p**2 - 2*p - 12. Let c = -4 - -4. Suppose 2 + c = o. What is the remainder when n(-8) is divided by o?
0
Let c be (4/(-12))/((-2)/36). Calculate the remainder when (-103)/(-3) + (-2)/c is divided by 18.
16
Let g be ((-2)/(-5))/((-10)/(-100)). Suppose g*v - 19 = 21. Calculate the remainder when 29 is divided by v.
9
Let r(c) = c**3 + 4*c**2 + 3*c + 1. Let d = 3 - 5. Let p be 4/d - (4 + -4). What is the remainder when 11 is divided by r(p)?
2
Suppose -5*u + 100 = 3*x, -u = -4*u + 2*x + 60. What is the remainder when 91 is divided by u?
11
Suppose -39*p + 68 = -35*p. What is the remainder when 49 is divided by p?
15
Suppose g = 4*b - 7, 4*b + 1 = -2*g - 1. Suppose 4*w - 5 = d + 4, 2*w - 2*d = 0. Calculate the remainder when w is divided by b.
0
Let m(g) = -g**3 - 5*g**2 - g - 2. What is the remainder when m(-5) is divided by 1?
0
Let b(q) = -q. Let z be b(-4). Let k = z - -5. Suppose m - 28 = -4*t, 3*m + 1 = -t + 74. Calculate the remainder when m is divided by k.
6
Let c(o) = -6*o + 93. Let g(s) = -18*s**3 - 2*s**2 - s. What is the remainder when c(10) is divided by g(-1)?
16
Let r(h) be the second derivative of h**3/6 + h**2/2 - 2*h. Suppose 2*c + 15 = 2*q + c, 0 = c - 1. What is the remainder when q is divided by r(4)?
3
Suppose -2*u = u - 4*w - 31, -4*u - 5*w = 0. What is the remainder when u is divided by 1?
0
Let d = -80 - -107. Calculate the remainder when d is divided by 14.
13
Let c be 4/(-3)*3/(-2). Suppose 0*f + c*p = -2*f + 44, -p = 2*f - 41. What is the remainder when f is divided by 5?
4
Suppose -6*k + 4*k = -5*h + 19, -k = -4*h + 17. Suppose -h*r + 19 = -4*r. What is the remainder when r is divided by 7?
5
Let q = -63 + 91. Calculate the remainder when q is divided by 10.
8
Let a(s) = s**2 + 2*s - 7. Let n be a(-5). Suppose -5*f = 15, n = v - 2*f + 1. What is the remainder when 1 is divided by v?
0
Let t(p) = 9*p**2 + p - 1. Suppose -3*x + 5*x = 4. Calculate the remainder when t(x) is divided by 13.
11
Calculate the remainder when 6*(-5 + 582/12) is divided by 24.
21
Let d = -6 + 4. Let k be (2 - 1)/(d/(-40)). Let b = k - 11. What is the remainder when 16 is divided by b?
7
Let b(t) = -7*t - 5. Let x(u) = u**3 + 6*u**2 + 5. Let d be x(-6). Suppose 9 = -3*p, 2*o = d*o - 3*p + 3. Calculate the remainder when b(o) is divided by 8.
7
Suppose -6 = -3*z + 33. Let l = -144 + 236. Suppose w - 5*y - 9 = 14, 4*w - 3*y - l = 0. What is the remainder when w is divided by z?
10
Suppose -4*j = 4*z + 9 + 3, 5*z - 12 = 4*j. Let i = z - -5. Suppose -20 = -n - 3*f, f + 81 = i*n - 3*f. Calculate the remainder when 49 is divided by n.
15
Suppose 4*x = 5 - 1. Let i(d) = 10*d**2 + d. Suppose -3*w + 42 = -w. What is the remainder when w is divided by i(x)?
10
Suppose h = -h + 118. Suppose 3*b + 37 = 154. Let o = b + -19. What is the remainder when h is divided by o?
19
Suppose 4*y = -0*y + 20. Let i = -9 + y. What is the remainder when 26 is divided by (i - -1)/(4/(-12))?
8
Let l(y) = y**3 + 3*y**2 - 11*y + 2. What is the remainder when l(-5) is divided by 5?
2
Suppose 10 = -0*g + 5*g. Suppose 4*y + 4*q = 34 - 14, -g*q + 40 = 5*y. What is the remainder when 27 is divided by y?
7
Let z(p) = p**3 + 8*p**2 + 9*p + 3. Let g be z(-6). Let x be (g/4)/(1/4). Suppose 3*c - x = 63. What is the remainder when c is divided by 15?
13
What is the remainder when (4/6)/((-2)/(-183)) is divided by 16?
13
Calculate the remainder when 25 is divided by 11*1 + 18/6.
11
Let l = -5 + 6. Suppose -2*b = -3*h - 13, -1 = -h - 4. What is the remainder when b is divided by l?
0
Let w(j) = -j**3 + 7*j**2 + 5. Calculate the remainder when 23 is divided by w(7).
3
Let y(i) = i**2 + 8*i + 3. What is the remainder when y(-11) is divided by 10?
6
Suppose -2*a + 2*j = -118, 6*j - 200 = -4*a + j. What is the remainder when a is divided by 31?
24
Let q(r) = r**2 + 6*r + 5. Calculate the remainder when ((-11)/(-5)*2)/((-8)/(-20)) is divided by q(-6).
1
Suppose 4*x = -45 + 201. Calculate the remainder when 154 is divided by x.
37
Let n = -14 - -24. Suppose 0 = 2*j, -2*w + 27 = 5*j - 7. What is the remainder when w is divided by n?
7
Suppose -n - 2*n + 189 = 0. Let y = 58 + -26. Calculate the remainder when n is divided by y.
31
Suppose 0 = 3*n - 2*n - 3*